 is u(11)?
32
Let s(z) = -6*z - 4. Give s(-2).
8
Let m(g) = g**2 + 6*g + 2. Calculate m(-3).
-7
Let q(t) = -8*t - 103. What is q(-13)?
1
Let k(q) = 4*q + 7. Give k(11).
51
Let i(n) = -3*n**2 - 6*n - 1. Give i(-4).
-25
Let n(o) = o**3 + 6*o**2 + 2. Give n(-6).
2
Let p(o) = -o + 67. Determine p(0).
67
Let y(m) = 3*m**3 + m**2 - 2*m + 1. What is y(1)?
3
Let j(q) = -6*q + 80. Determine j(0).
80
Let c(n) = -9*n - 2. Determine c(0).
-2
Let q(d) = d**2 - 6*d + 2. Determine q(5).
-3
Let z(u) = -u**3 + 10*u**2 + 10*u + 14. What is z(11)?
3
Let l(m) = 5*m + 15. What is l(-5)?
-10
Let k(n) = 2*n**3 + 4*n**2 - n. What is k(-2)?
2
Let l(c) = c**2 - 45*c + 321. Give l(35).
-29
Let a(v) = -v**3 + 5*v**2 + 5*v - 1. Calculate a(6).
-7
Let i(v) = -v**3 + 27*v**2 + 30*v - 56. What is i(28)?
0
Let z(m) = -2*m**3 - 45*m**2 + 76*m + 36. Determine z(-24).
-60
Let u(z) = z + 3. Calculate u(-2).
1
Let n(u) = -u**2 + 14*u - 42. Give n(10).
-2
Let u(p) = -p**3 + 6*p**2 - 6*p + 9. Give u(5).
4
Let r(s) = s**3 + 8*s**2 + 3*s - 10. Calculate r(-8).
-34
Let a(t) = -t**3 - 8*t**2 - 8*t + 4. Calculate a(-6).
-20
Let r(w) = -w**2 - w + 20. What is r(4)?
0
Let o(l) = l**3 + 8*l**2 + 13*l + 8. Calculate o(-7).
-34
Let f(p) = -9*p + 1. Determine f(3).
-26
Let s(y) = y**2 + 5*y - 24. Determine s(-9).
12
Let n(y) = 7*y - 33. Give n(-9).
-96
Let b(z) = 6*z - 32. Give b(3).
-14
Let u(d) = -2*d + 10. Calculate u(-20).
50
Let i(g) = -17*g - 238. Give i(-14).
0
Let r(u) = u**3 - u**2 - u + 2. Determine r(3).
17
Let p(a) = 3*a**2 + 5*a - 1. Give p(-4).
27
Let x(b) = -b**3 - 5*b**2 - 3*b - 5. Determine x(-5).
10
Let j(q) = -9*q + 40. Give j(9).
-41
Let q(g) = -g**2 - 9*g + 16. Give q(-15).
-74
Let b(z) = 2*z**2 + 2*z + 2. Determine b(-4).
26
Let r(y) = 24*y**2 + 3*y + 1. Calculate r(-1).
22
Let v(h) = -h**3 + h. Determine v(0).
0
Let t(i) = 44*i + 213. Determine t(-5).
-7
Let l(w) = w - 3. Calculate l(8).
5
Let d(o) = o**2 - 8*o - 14. Determine d(10).
6
Let t(j) = j**2 + 12*j - 4. Calculate t(-12).
-4
Let l(j) = -18*j**2 + j - 2. Determine l(1).
-19
Let d(r) = -5*r + 108. Calculate d(21).
3
Let g(t) = t**2 - 32*t + 66. Determine g(2).
6
Let b(k) = -k**3 + 21*k**2 + 24*k - 40. Determine b(22).
4
Let y(a) = a**2 + 3*a - 6. Determine y(-6).
12
Let w(g) = g**3 + 28*g**2 + 27*g + 1. Give w(-27).
1
Let y(i) = -i**3 - 4*i**2 + 5*i + 4. Determine y(-5).
4
Let y(q) = -14*q + 179. Determine y(13).
-3
Let f(j) = 49*j - 732. Give f(15).
3
Let q(r) = r**3 - 9*r**2 + 8*r - 1. Calculate q(9).
71
Let q(u) = 5*u + 20. What is q(-8)?
-20
Let f(s) = -5*s**2 - 11*s - 2. Give f(-3).
-14
Let o(q) = 4*q + 11. Determine o(-6).
-13
Let d(i) = -i**2 - i + 60. Determine d(-8).
4
Let p(n) = -n - 18. Calculate p(-8).
-10
Let s(j) = -5*j + 14. Calculate s(4).
-6
Let r(d) = -d**2 - 5*d - 3. Give r(-4).
1
Let s(a) = 4*a**2 + 4*a + 2. Calculate s(-2).
10
Let p(j) = -4*j**2 - 39*j + 8. What is p(-9)?
35
Let d(k) = -k**3 + 7*k**2 - 3*k - 13. Determine d(6).
5
Let k(b) = b + 12. Give k(-14).
-2
Let a(i) = i + 15. Determine a(-13).
2
Let j(t) = -t**3 + 2*t**2 + 3. Determine j(-2).
19
Let w(t) = -102*t + 200. Determine w(2).
-4
Let c(h) = -h**3 + 4*h - 4. Give c(0).
-4
Let h(v) = -v - 1. Determine h(-10).
9
Let y(d) = 4*d + 73. Calculate y(-21).
-11
Let z(q) = q**2 - 7*q - 4. Calculate z(12).
56
Let c(v) = -v**3 - 5*v**2 + v - 27. What is c(-6)?
3
Let u(l) = 31*l**3 - l**2 - 5*l - 4. Calculate u(-1).
-31
Let q(o) = -o**3 + o - 3. Determine q(0).
-3
Let w(a) = a + 1. Give w(-2).
-1
Let x(k) = -44*k + 114. Determine x(3).
-18
Let z(k) = -3*k**2 + 12*k + 14. What is z(5)?
-1
Let j(s) = -s + 2. Calculate j(12).
-10
Let j(b) = -b**2 - 8*b - 24. What is j(-7)?
-17
Let u(o) = -9*o**2 - 4*o - 4. What is u(-1)?
-9
Let n(v) = -v**3 + 11*v**2. Calculate n(11).
0
Let g(w) = -3*w**2 + 2*w. Give g(3).
-21
Let i(b) = -b**3 + 10*b**2 - 21*b + 1. Calculate i(7).
1
Let a(v) = -v**2 + v - 17. Give a(8).
-73
Let t(l) = 8*l**3 - l**2 - l + 2. Give t(1).
8
Let m(n) = n**2 - 24*n - 97. Calculate m(28).
15
Let u(h) = 2*h. What is u(3)?
6
Let q(z) = -284*z - 1710. Calculate q(-6).
-6
Let q(z) = 15*z. What is q(4)?
60
Let f(y) = 2*y**3 - y**2 + 9*y + 5. Calculate f(0).
5
Let c(l) = -4*l - 55. Determine c(-17).
13
Let n(u) = -u**3 - 3*u**2 + 6*u + 6. What is n(-4)?
-2
Let h(q) = -3*q**2 - 4. Calculate h(4).
-52
Let x(s) = s + 4. Give x(-18).
-14
Let g(s) = -s**3 + 14*s**2 - 22*s - 26. What is g(12)?
-2
Let v(j) = j**2 - 19*j - 16. Determine v(20).
4
Let m(q) = q + 11. Give m(4).
15
Let f(z) = -29*z**2 - 5*z - 5. Calculate f(-1).
-29
Let h(m) = 12*m**2 - 1. Calculate h(-2).
47
Let n(j) = 3*j**2 + 11*j + 22. Give n(-4).
26
Let k(o) = -6*o**2 - 5*o + 3. Calculate k(2).
-31
Let q(g) = -g**2 - 13*g + 161. Give q(8).
-7
Let m(u) = -4*u + 6. Determine m(6).
-18
Let o(f) = -3*f**3 + 4*f**2 - f + 7. What is o(3)?
-41
Let k(h) = -h**2 - 15*h - 22. Calculate k(-13).
4
Let k(q) = -q**3 + 6*q**2 + 7*q - 18. Calculate k(5).
42
Let f(n) = n**3 - 7*n**2 + 6*n - 8. Calculate f(3).
-26
Let p(t) = t**2 - 19. Give p(0).
-19
Let j(x) = -4*x**3 + x - 1. Calculate j(1).
-4
Let d(g) = 3*g**2 - 71*g + 33. Determine d(23).
-13
Let u(q) = 4*q**2 - 3. Calculate u(3).
33
Let b(k) = 2*k**2 - 20*k - 11. Give b(10).
-11
Let s(q) = -7*q**3 + 2*q - 1. Determine s(2).
-53
Let h(l) = l**3 + 6*l**2 + 5*l + 20. What is h(-7)?
-64
Let n(j) = -25*j - 47. Give n(-2).
3
Let z(m) = m**2 + 2*m + 1. What is z(-3)?
4
Let q(l) = 6*l + 29. Determine q(-12).
-43
Let q(m) = m**2 - 29. Give q(-6).
7
Let q(f) = -f**2 + 4*f + 10. Give q(7).
-11
Let j(m) = -m**2 + 18*m + 17. Give j(19).
-2
Let d(u) = u**3 + 4*u**2 + 3*u + 4. What is d(-4)?
-8
Let q(a) = -a**2 + 4*a + 17. Give q(7).
-4
Let u(o) = 2*o - 1. Determine u(1).
1
Let x(c) = -16*c - 7. Calculate x(-3).
41
Let g(o) = 3*o - 7. Give g(16).
41
Let o(t) = 22*t + 101. What is o(-6)?
-31
Let h(z) = 28*z + 114. What is h(-4)?
2
Let o(t) = 6*t**2 + 3*t + 4. Calculate o(-1).
7
Let z(d) = 9*d - 31. What is z(8)?
41
Let f(q) = q**3 - 17*q**2 - 36*q - 44. Give f(19).
-6
Let f(x) = -4*x + 11. Determine f(-6).
35
Let g(k) = -4*k**2 + 4. Give g(1).
0
Let z(f) = f**3 + 2*f**2 - 7*f - 14. Determine z(-2).
0
Let k(i) = i**3 - i**2 + 7*i - 2. Determine k(0).
-2
Let y(m) = -m**3 + 9*m**2 - 14*m - 29. Give y(6).
-5
Let w(b) = -42*b**2 + 378*b. Calculate w(9).
0
Let f(y) = -46*y. Give f(1).
-46
Let u(r) = 2*r**2 + 15*r - 22. What is u(2)?
16
Let v(b) = b**2 - 11*b + 10. What is v(11)?
10
Let b(y) = -y**2 + 2*y + 6. Calculate b(-5).
-29
Let l(p) = -5*p + 119. What is l(27)?
-16
Let f(m) = 2*m**2 + 48*m - 94. Calculate f(-26).
10
Let q(m) = m**3 - 17*m**2 - 19*m + 22. What is q(18)?
4
Let i(j) = -j**2 - 6*j + 85. Determine i(7).
-6
Let f(m) = -m**2 + 10*m + 38. Give f(13).
-1
Let i(q) = q - 3. Give i(-11).
-14
Let v(r) = -2*r + 15. Determine v(12).
-9
Let h(o) = -3*o**2 - 2*o + 7. What is h(-4)?
-33
Let n(z) = -z**3 - 2*z**2 + 13*z + 3. Give n(-5).
13
Let v(a) = a**2 - 46*a + 276. Give v(7).
3
Let h(x) = x**3 + 4*x**2 - 10*x - 11. Give h(-6).
-23
Let o(c) = c**2 - 8*c - 2. What is o(9)?
7
Let v(r) = -6*r - 21. What is v(-2)?
-9
Let c(p) = -5*p - 6. Calculate c(8).
-46
Let i(f) = f**3 + 9*f**2 - 11*f. Give i(-10).
10
Let z(b) = -b**3 + 8*b**2 - 22*b + 107. What is z(7)?
2
Let l(f) = -4*f + 6. Calculate l(0).
6
Let n(h) = 2*h**3 + 9*h**2 - 6*h + 3. What is n(-5)?
8
Let d(v) = -v**2 - 5*v + 17. Calculate d(-6).
11
Let k(u) = u**2 + 19*u + 2. Calculate k(-19).
2
Let r(v) = 2*v - 35. Calculate r(9).
-17
Let v(x) = 2*x**3 - 90*x**2 - x + 39. What is v(45)?
-6
Let x(y) = -y**2 - 6*y - 8. What is x(-10)?
-48
Let y(q) = 51*q - 208. Give y(4).
-4
Let u(x) = x**2 - 2*x - 15. What is u(5)?
0
Let x(m) = m**2 + 11*m - 8. Give x(-13).
18
Let x(k) = -29*k + 1. Determine x(1).
-28
Let h(t) = 17*t**3 - t - 1. What is h(-1)?
-17
Let z(u) = -2*u**2 + 61*u + 124. What is z(-2)?
-6
Let u(q) = -q**3 - 10*q**2 + 15*q - 1. Calculate u(-11).
-45
Let z(h) = -9*h + 6. Calculate z(4).
-30
Let a(r) = r**3 - r**2 - 3*r + 1. Determine a(3).
10
Let v(t) = 4*t + 58. What is v(-15)?
-2
Let y(g) = g + 19. What is y(-19)?
0
Let m(b) = -7*b + 42. What is m(5)?
7
Let v(i) = -i**3 + 4*i**2 + 12*i - 5. Give v(6).
-5
Let d(s) = s**2 - 5*s. Give d(5).
0
Let b(z) = -3*z - 43. Determine b(-12).
-7
Let o(b) = 22